592 a multiple of 377?
True
Is 497065 a multiple of 13?
False
Is 30 a factor of 14234154?
False
Is 19 a factor of 3900474?
False
Is 1055646 a multiple of 19?
False
Does 152 divide 176813?
False
Is 16 a factor of 589667?
False
Does 37 divide 8163954?
False
Is 91250 a multiple of 5?
True
Does 6 divide 500238?
True
Is 14 a factor of 105770?
True
Is 1571 a factor of 8770893?
True
Is 5904 a multiple of 7?
False
Does 40 divide 3129474?
False
Is 26 a factor of 34528?
True
Is 2805920 a multiple of 923?
True
Is 386403 a multiple of 19?
True
Is 91400 a multiple of 8?
True
Is 1468225 a multiple of 1405?
True
Is 20906231 a multiple of 14?
False
Is 5305177 a multiple of 24?
False
Is 15 a factor of 842925?
True
Is 796171 a multiple of 15?
False
Is 24 a factor of 439787?
False
Is 162612 a multiple of 26?
False
Is 285 a factor of 1028280?
True
Is 4399439 a multiple of 353?
True
Is 8 a factor of 579150?
False
Is 48 a factor of 4236057?
False
Is 23 a factor of 55775?
True
Is 7 a factor of 3566353?
True
Is 48686 a multiple of 14?
False
Is 4312590 a multiple of 15?
True
Does 70 divide 45780?
True
Does 22 divide 282392?
True
Is 4903290 a multiple of 933?
False
Is 51675 a multiple of 39?
True
Is 2399863 a multiple of 619?
True
Is 85 a factor of 55879?
False
Is 1199 a factor of 16999422?
True
Is 5 a factor of 9255?
True
Is 185790 a multiple of 55?
True
Is 7 a factor of 22224?
False
Is 3603409 a multiple of 68?
False
Does 1270 divide 24042729?
False
Is 61387 a multiple of 7?
False
Does 5 divide 65818?
False
Is 584117 a multiple of 8?
False
Does 453 divide 363290?
False
Does 28 divide 10557?
False
Does 178 divide 661626?
True
Does 1266 divide 1938335?
False
Is 464150 a multiple of 50?
True
Does 153 divide 935136?
True
Is 567650 a multiple of 154?
False
Does 84 divide 542198?
False
Does 171 divide 3758580?
True
Does 65 divide 188695?
True
Is 89088 a multiple of 47?
False
Is 2513019 a multiple of 541?
False
Is 166896 a multiple of 38?
True
Is 189 a factor of 8481186?
True
Is 1134 a factor of 864322?
False
Is 9280530 a multiple of 21?
True
Is 9 a factor of 15296813?
False
Does 35 divide 1032135?
False
Does 368 divide 10301792?
True
Is 12 a factor of 306841?
False
Is 15 a factor of 189240?
True
Is 134250 a multiple of 15?
True
Does 263 divide 662379?
False
Is 32 a factor of 19176457?
False
Does 5 divide 55580?
True
Is 200790 a multiple of 156?
False
Is 8 a factor of 24561?
False
Is 143514 a multiple of 3?
True
Does 16 divide 320224?
True
Is 15 a factor of 55566?
False
Is 115 a factor of 96295?
False
Is 129 a factor of 257186?
False
Is 147 a factor of 37191?
True
Does 6 divide 351843?
False
Does 13 divide 328528?
False
Does 33 divide 1849557?
False
Does 17 divide 420820?
False
Does 27 divide 34142?
False
Does 530 divide 8076695?
False
Does 39 divide 47970?
True
Is 14732840 a multiple of 719?
False
Does 9 divide 2934?
True
Does 984 divide 1242012?
False
Does 4 divide 372997?
False
Is 10025145 a multiple of 117?
True
Is 163 a factor of 112470?
True
Does 5 divide 1931280?
True
Does 17 divide 301355?
False
Is 2098380 a multiple of 492?
True
Is 24 a factor of 4845744?
True
Is 63929 a multiple of 2?
False
Is 381 a factor of 7363253?
False
Is 30297 a multiple of 20?
False
Does 9 divide 40464?
True
Does 219 divide 989661?
True
Does 11 divide 627044?
True
Is 794 a multiple of 40?
False
Does 296 divide 570804?
False
Is 1247 a factor of 6084732?
False
Is 470 a factor of 673168?
False
Is 2 a factor of 315807?
False
Is 214622 a multiple of 171?
False
Is 1243543 a multiple of 413?
True
Does 100 divide 2096198?
False
Does 78 divide 1020793?
False
Does 12 divide 3500892?
True
Is 1111291 a multiple of 847?
False
Is 75 a factor of 304425?
True
Is 229668 a multiple of 24?
False
Is 26 a factor of 499382?
True
Is 1812168 a multiple of 1347?
False
Does 46 divide 32430?
True
Is 24 a factor of 4387392?
True
Does 11 divide 1664124?
True
Is 2 a factor of 583940?
True
Is 13 a factor of 553367?
False
Does 89 divide 2185446?
False
Is 2023064 a multiple of 86?
True
Is 56672 a multiple of 23?
True
Is 5 a factor of 360822?
False
Does 7 divide 54560?
False
Does 11 divide 816640?
True
Is 2085798 a multiple of 363?
True
Does 555 divide 1447995?
True
Is 60 a factor of 1739584?
False
Is 5304 a multiple of 329?
False
Does 34 divide 34168?
False
Does 634 divide 1770178?
False
Does 39 divide 112788?
True
Is 260940 a multiple of 377?
False
Does 76 divide 99940?
True
Does 10 divide 1795040?
True
Does 218 divide 1169352?
True
Does 22 divide 1421750?
True
Does 207 divide 381087?
True
Is 1065330 a multiple of 4?
False
Is 46 a factor of 3588?
True
Is 22 a factor of 106898?
True
Does 19 divide 67705?
False
Is 218 a factor of 2479096?
True
Does 252 divide 812448?
True
Is 118 a factor of 1300300?
False
Is 65076 a multiple of 94?
False
Is 14 a factor of 186172?
True
Is 6110473 a multiple of 16?
False
Does 366 divide 127002?
True
Does 20 divide 595120?
True
Is 1753425 a multiple of 75?
True
Does 452 divide 7385877?
False
Is 27 a factor of 212139?
True
Is 311812 a multiple of 548?
True
Is 236930 a multiple of 145?
True
Does 45 divide 1255320?
True
Does 28 divide 2058608?
False
Is 93 a factor of 781758?
True
Is 16614 a multiple of 2?
True
Does 58 divide 7233354?
True
Is 31 a factor of 356624?
True
Is 7 a factor of 3013472?
True
Does 243 divide 2422380?
False
Is 103872 a multiple of 64?
True
Does 85 divide 348425?
False
Is 411894 a multiple of 294?
True
Is 4448852 a multiple of 12?
False
Is 378 a factor of 374598?
True
Does 103 divide 3692779?
False
Is 271960 a multiple of 520?
True
Is 21142083 a multiple of 11?
False
Is 834475 a multiple of 29?
True
Is 6 a factor of 606606?
True
Is 32121906 a multiple of 37?
False
Does 14 divide 199458?
True
Is 70925 a multiple of 11?
False
Does 57 divide 669390?
False
Is 129 a factor of 1892430?
True
Is 11 a factor of 3007694?
False
Is 66 a factor of 203874?
True
Is 12 a factor of 39636?
True
Is 344 a factor of 1679505?
False
Is 5 a factor of 23180?
True
Is 221996 a multiple of 127?
True
Is 241251 a multiple of 3?
True
Is 2592 a multiple of 32?
True
Does 271 divide 220548?
False
Does 215 divide 6614475?
True
Does 33 divide 42800?
False
Does 18 divide 687636?
True
Is 17462 a multiple of 2?
True
Does 707 divide 1010120?
False
Does 386 divide 4141198?
False
Is 96251 even?
False
Is 178228 a multiple of 7?
False
Does 262 divide 234752?
True
Is 51 a factor of 89607?
True
Is 65 a factor of 120120?
True
Does 63 divide 131418?
True
Is 2416 a factor of 26694384?
True
Is 17 a factor of 500765?
False
Is 51 a factor of 4383?
False
Is 511116 a multiple of 144?
False
Does 1093 divide 11775982?
True
Does 14 divide 626276?
True
Does 2 divide 52725?
False
Does 159 divide 9557636?
False
Is 25025 a multiple of 39?
False
Is 5 a factor of 120650?
True
Does 214 divide 297032?
True
Is 145 a factor of 44846?
False
Is 107 a factor of 3920373?
True
Is 19 a factor of 136021?
True
Is 6 a factor of 3252985?
False
Is 2501361 a multiple of 37?
False
Is 30 a factor of 255158?
False
Is 116 a factor of 6495536?
True
Is 12 a factor of 118251?
False
Does 569 divide 2063965?
False
Does 2 divide 39711?
False
Is 14 a factor of 75166?
True
Is 4987237 a multiple of 11?
False
Is 15145 a multiple of 65?
True
Is 13 a factor of 3868923?
False
Is 5533330 a multiple of 1210?
True
Is 4671480 a multiple of 10?
True
Is 1750840 a multiple of 40?
True
Does 136 divide 248200?
True
Does 17 divide 1686213?
True
Is 239653 a multiple of 15?
False
Does 110 divide 22990?
True
Is 311 a factor of 183801?
True
Is 568 a factor of 10102448?
True
Is 47 a factor of 4757?
False
Is 18 a factor of 354281?
False
Is 93436 a multiple of 94?
True
Is 7046 a multiple of 2?
True
Is 23 a factor of 1087532?
True
Is 18 a factor of 5599471?
False
Is 414966 a multiple of 194?
True
Is 18596597 a multiple of 24?
False
Is 39024 a multiple of 6?
True
Is 13 a factor of 157012?
False
Does 72 divide 6179616?
True
Is 645085 a multiple of 18?
False
Does 38 divide 1421253?
False
Is 66864 a multiple of 336?
True
Is 633419 a multiple of 6?
False
Does 6 divide 199745?
False
Is 296 a factor of 445480?
True
Does 36 divide 1501951?
False
Is 1097264 a multiple of 388?
True
Is 227504 a multiple of 3?
False
Is 30 a factor of 17733?
False
Is 56242 a multiple of 61?
True
Does 42 divide 